007868001 a prime number?
False
Is 40372312439 composite?
False
Is 170802589 composite?
False
Is 149825561 a composite number?
False
Is 454437600043 composite?
True
Is 1505621111 a composite number?
False
Is 57284303 prime?
True
Is 80248657 composite?
False
Is 399669106685 a prime number?
False
Is 55346363629 a prime number?
False
Is 22107677983 a prime number?
True
Is 3205639427 a prime number?
True
Is 217851877 prime?
True
Is 31299135983 composite?
False
Is 333047635 composite?
True
Is 41382811807 a composite number?
False
Is 4955496569 composite?
False
Is 5334709403 prime?
False
Is 49683568639 a composite number?
False
Is 3594896447 prime?
False
Is 19322008571 a composite number?
True
Is 358231189 prime?
True
Is 67016626447 prime?
True
Is 3610771 a composite number?
False
Is 41014555801 a prime number?
True
Is 777355723 composite?
True
Is 4612689709 a composite number?
False
Is 1524896273 composite?
True
Is 976512073 composite?
False
Is 13160582341 composite?
True
Is 39930013 a composite number?
True
Is 952628639 composite?
False
Is 2273039159 composite?
False
Is 12499393939 a composite number?
True
Is 4080881641 a composite number?
False
Is 572655207 a composite number?
True
Is 29979613927 a composite number?
True
Is 8381411443 composite?
False
Is 40930073189 prime?
False
Is 260961469 prime?
False
Is 125932409 composite?
True
Is 2967304337 a prime number?
True
Is 641197951 composite?
False
Is 18649804739 prime?
True
Is 683272327 a prime number?
False
Is 84541817 prime?
False
Is 1082578573 a composite number?
False
Is 3251896007 a prime number?
True
Is 40031723 composite?
True
Is 10338614327 a prime number?
True
Is 1274899555 prime?
False
Is 208293666109 a composite number?
True
Is 849236059 composite?
True
Is 336465289 prime?
False
Is 770982577 composite?
False
Is 39905261909 a prime number?
True
Is 69068389609 a prime number?
False
Is 132209249 composite?
False
Is 1573058633 prime?
False
Is 169740530563 prime?
False
Is 5833315223 composite?
True
Is 151803679 a prime number?
False
Is 10116549389 prime?
False
Is 9581741027 prime?
False
Is 8464219 a prime number?
False
Is 38658770039 composite?
False
Is 92821739 a composite number?
True
Is 170335441 composite?
True
Is 365620019 a prime number?
True
Is 83020976809 a prime number?
True
Is 1702924189 composite?
True
Is 205690411 composite?
False
Is 164748589 prime?
False
Is 9974709763 a prime number?
False
Is 556372673 a composite number?
False
Is 7477777843 prime?
False
Is 1205977313 a prime number?
False
Is 5888257631 prime?
False
Is 35788534679 prime?
True
Is 156376140611 prime?
False
Is 1001761921 a composite number?
True
Is 3513432071 a composite number?
False
Is 66733917053 a composite number?
True
Is 2307733619 a composite number?
False
Is 28179321613 a prime number?
True
Is 326988103 a prime number?
False
Is 55943647 prime?
True
Is 16633843027 a prime number?
True
Is 104642113 a composite number?
False
Is 202630657 composite?
False
Is 182058166627 a composite number?
False
Is 43738151783 composite?
False
Is 332634737 prime?
True
Is 28334477209 a composite number?
True
Is 4552778569 a prime number?
True
Is 1122247799 a composite number?
False
Is 1559608091 prime?
True
Is 5865619807 a prime number?
True
Is 35791985701 a prime number?
False
Is 7411759109 composite?
False
Is 2818774483 a prime number?
False
Is 4303287647 a prime number?
True
Is 708308633 a prime number?
False
Is 111086228013 a composite number?
True
Is 1641729967 a prime number?
False
Is 49357784041 prime?
True
Is 302807273 composite?
True
Is 74008167511 composite?
False
Is 1729904567 prime?
False
Is 15052580003 a prime number?
True
Is 3152188813 prime?
True
Is 770614973 composite?
False
Is 1053945833 a prime number?
True
Is 335187793 a prime number?
False
Is 646989605 prime?
False
Is 1970671757 prime?
False
Is 1051037653 a composite number?
False
Is 591127591 a prime number?
False
Is 2008385413 composite?
False
Is 41508773 a composite number?
True
Is 7476670229 a composite number?
True
Is 722110427 composite?
False
Is 2724418211 prime?
False
Is 1066058003 a prime number?
False
Is 32267173 a composite number?
True
Is 110753244949 a prime number?
True
Is 38970857543 a composite number?
True
Is 13806701 a composite number?
True
Is 4036580789 a prime number?
False
Is 237586421 prime?
False
Is 181145113 a composite number?
True
Is 7743425959 a composite number?
True
Is 226554253 composite?
False
Is 28169944879 prime?
True
Is 1608066419 a prime number?
False
Is 1152011177 a prime number?
True
Is 41187940117 composite?
False
Is 155912727401 prime?
True
Is 137660059 composite?
True
Is 1347147509 prime?
True
Is 135208628741 a composite number?
True
Is 538695259 a composite number?
True
Is 53695711231 composite?
True
Is 6205071311 composite?
True
Is 5275817 composite?
True
Is 19478284193 prime?
False
Is 11214762667 a prime number?
True
Is 17591168047 prime?
False
Is 6606026071 prime?
True
Is 32017969749 a composite number?
True
Is 36123941093 composite?
False
Is 6467303159 a composite number?
False
Is 4055188751 prime?
False
Is 1462252241 prime?
False
Is 831061463 a prime number?
False
Is 1937511571 composite?
False
Is 175688521 prime?
True
Is 937835215 prime?
False
Is 43933251451 a prime number?
False
Is 58699108373 prime?
True
Is 1022238967 composite?
False
Is 653810341 prime?
True
Is 2288946977 a prime number?
True
Is 369428027 prime?
True
Is 9149644957 a prime number?
False
Is 77333177603 a prime number?
False
Is 223204999 a composite number?
False
Is 17529855863 composite?
True
Is 485689909 a composite number?
False
Is 99855875759 a composite number?
False
Is 340829477 composite?
True
Is 7054784299 a prime number?
True
Is 24047123 a prime number?
True
Is 1266100129 prime?
False
Is 2671292633 composite?
True
Is 55788598189 prime?
True
Is 2245460821 composite?
True
Is 207068551 composite?
True
Is 9846839459 prime?
False
Is 291660871 prime?
True
Is 4911576859 prime?
False
Is 175269331 a composite number?
False
Is 3693328939 composite?
False
Is 28633811119 a prime number?
False
Is 8462029231 a prime number?
True
Is 1922574257 a prime number?
False
Is 191149163 prime?
True
Is 1169135263 a prime number?
False
Is 79035609023 a composite number?
True
Is 247034639 a prime number?
False
Is 451828519 composite?
True
Is 9830171063 composite?
True
Is 262544539 a prime number?
False
Is 822273757 a prime number?
True
Is 11927445661 composite?
True
Is 196133404189 prime?
False
Is 11710846331 a composite number?
False
Is 165346849237 a prime number?
False
Is 53884101121 prime?
True
Is 117786953 composite?
False
Is 79183845439 a composite number?
True
Is 6045448153 prime?
True
Is 4462669537 a composite number?
True
Is 178144331 a prime number?
True
Is 4495068811 a composite number?
True
Is 16777467653 a composite number?
False
Is 22637501 a composite number?
False
Is 19351774241 composite?
False
Is 1115185471 prime?
True
Is 2967326933 a prime number?
False
Is 719197313 a composite number?
True
Is 134516271854 composite?
True
Is 1257258559 prime?
False
Is 168831599 prime?
True
Is 293687795 a prime number?
False
Is 4372446077 a composite number?
False
Is 2549438621 prime?
False
Is 22478252789 composite?
False
Is 145856171 a composite number?
False
Is 1790520527 a composite number?
True
Is 1747536133 prime?
False
Is 17609602733 a prime number?
False
Is 2788042667 a composite number?
False
Is 1010427359 composite?
True
Is 12221175047 a prime number?
False
Is 8461320667 prime?
True
Is 89624531 composite?
False
Is 6079295771 a composite number?
False
Is 2610233983 prime?
False
Is 344027137 prime?
False
Is 968461531 prime?
True
Is 45290124727 a prime number?
False
Is 1233932812973 prime?
False
Is 7657440067 prime?
False
Is 1752137867 prime?
True
Is 82427153749 a prime number?
True
Is 1491730313 prime?
False
Is 26332983161 a prime number?
True
Is 2650094729 a prime number?
False
Is 9858305879 prime?
True
Is 658285391 a composite number?
False
Is 31408835 prime?
False
Is 405471239 a composite number?
False
Is 537059519 a composite number?
False
Is 33991465467 composite?
True
Is 29451150781 composite?
True
Is 23702890481 prime?
True
Is 1146973967 prime?
True
Is 6775674709 a prime number?
True
Is 15296259257 prime?
False
Is 10989157301 prime?
False
Is